igit of a + 1/(5 + -4)?
7
Let d = 2104 + 2292. What is the hundreds digit of d?
3
Suppose -872 = -5*y + 1658. What is the hundreds digit of y?
5
Let z = -5 + 9. What is the units digit of (6 + 0 + -4)*z?
8
Suppose -n + 4*m + 25 = 0, 2*m = -5*n + 1 + 14. Suppose f + 148 = n*s, s - 130 = -3*s - 5*f. What is the tens digit of s?
3
Let c(y) = 27*y + 32. What is the tens digit of c(7)?
2
Suppose 9*i = 4*i. Suppose -4*p - c = -158 - 89, 2*p - 4*c - 110 = i. Suppose 0 = -2*f - 4*l - 1 + p, 5*l - 123 = -4*f. What is the units digit of f?
2
Let f(y) = y**2 + y - 5. Let j be f(0). Let v(i) = 5*i + 10. Let a(g) = -g. Let o(d) = 6*a(d) - v(d). What is the tens digit of o(j)?
4
Let l(g) = 56*g - 71. What is the units digit of l(19)?
3
Let u(a) = 2*a**2 + 9*a - 2. Let p be u(-5). Suppose p*o = 77 - 8. What is the tens digit of o?
2
What is the units digit of (-30)/(-135) + (-1994)/(-18)?
1
Let s = -36 - -35. What is the tens digit of s + 1 + (-168)/(-3)?
5
Suppose -k - 3422 = -5*m, 5*k + 2124 = 4*m - 601. What is the units digit of m?
5
Suppose b - 2*p = -0*b - 5, -5*b = p + 25. Let f(s) = -3*s**2 - 7*s + 7. Let q be f(b). Let c = q + 72. What is the tens digit of c?
3
Let w(k) = 113*k**2 - 7 - 108*k**2 + 8*k - 6. What is the units digit of w(3)?
6
Suppose -3*i - 15 = 0, y - 4*i = -0*y + 16. Let g be 0 + -9 - y/1. What is the units digit of 2/g - 248/(-20)?
2
Let x be (0 - 2/(-4))*2/1. What is the units digit of x + 0 + (89 - (-5)/(-1))?
5
Let u(r) be the first derivative of r**2/2 - 5*r + 5. Let a be u(8). What is the units digit of 3*-1 - (-57)/a?
6
Let q(p) = p**3 + 19*p**2 + 4*p - 12. Let y be q(-14). Let u be y/13 + 6/(-39). What is the tens digit of -2*(u/(-5) + -3)?
3
Let d(p) = 44*p - 18. Suppose -3*j + 1 = -17. What is the hundreds digit of d(j)?
2
Suppose 29*i + 52 = 27*i. Let o = i - -216. What is the hundreds digit of o?
1
Suppose 236 - 2 = -3*v. Let z = -16 - v. What is the units digit of z?
2
Let y(i) = -7*i + 20*i + 5 + 0 + 104*i**2 - 105*i**2. What is the units digit of y(6)?
7
Suppose -445 = 13*t - 18*t. What is the units digit of t?
9
Let f(w) = -2*w - 9. Let m be f(0). Let x = m - -27. Suppose -k - 2*k + x = 0. What is the units digit of k?
6
Suppose 0 = -4*a + 76 + 440. What is the hundreds digit of a?
1
Suppose -21*t + 11080 = -13*t. What is the units digit of t?
5
Let j be -2 - 86 - (3 + 2 + -4). Let h = -50 + -81. Let p = j - h. What is the tens digit of p?
4
Suppose 3*h - 4*o + 31 = 0, -o = -2*h - 5*o - 34. Let a = h + 18. Let b(n) = n**3 - 3*n**2 - 7*n + 3. What is the tens digit of b(a)?
1
Let c = -63 + 63. Suppose 5*l = 2*s - 452, l + 3 + 1 = c. What is the units digit of s?
6
Let l = 617 - 143. Suppose -l = -3*x - 0*x. What is the units digit of x?
8
Suppose o - 341 = 317. Suppose -83*d = -85*d + o. What is the units digit of d?
9
Suppose 0 = 2*y + 6 + 84. Let p be 54/15 + 2/5. What is the tens digit of p/(-18) - 775/y?
1
Let t(r) = -r - 4. Let j be t(4). Let g(x) = x**2 - 12*x - 36. What is the units digit of g(j)?
4
Let s(v) = -9*v**2 + 0*v**2 + 12*v - 60 + 55 + v**3. What is the tens digit of s(8)?
2
What is the hundreds digit of ((-4)/(-3))/(4/2244)?
7
Let h be 2/(-4)*-8 - (-9 + 13). Suppose h = 7*l - 202 - 981. What is the tens digit of l?
6
Suppose 4616 = -75*w + 79*w. What is the thousands digit of w?
1
Suppose 906 = 3*w - 5*x, -4*w + 120 = 4*x - 1088. What is the hundreds digit of w?
3
What is the units digit of ((-64)/3)/(3/(-90)*2)?
0
Suppose 4*t + 85 = 3*t. Let x be t/(-2)*16/20. Let q = -22 + x. What is the tens digit of q?
1
Let d(q) = -q**3 + 19*q**2 - 28*q + 7. What is the tens digit of d(14)?
9
Let j be ((-3)/(4/4))/(-1). Suppose -g = -4*g - 5*x - j, -15 = -3*g + x. Suppose -a = 3*c - 17, 57 + 59 = 3*a - g*c. What is the tens digit of a?
3
Suppose 1066*z - 1067*z + 1764 = 0. What is the hundreds digit of z?
7
Suppose 0 = 4*x - 3*x - 16*x. Let i be 4 - (-2)/3*-3. What is the tens digit of x + i + -1 - -19?
2
Let v be (27/(-6))/(-9)*6. Suppose -v*g - 33 = -4*g. What is the units digit of g?
3
Suppose -g + 0*g = 4. Let z(v) = -3*v - 8. Let t be z(g). What is the units digit of ((-8)/(-5))/(t/70)?
8
Let p be ((-30)/9)/(1/(-15)). Suppose p = -3*g + 176. What is the tens digit of g?
4
Let p be (-1 + -3)/(-8)*2. Suppose -4 = -3*m + t - p, 5*m - 12 = 4*t. Suppose -2*y + m + 56 = 0. What is the units digit of y?
8
Let g(h) = 6*h**2 + 1. Let f be g(-3). Suppose -2*a - 15 = -7*a. Suppose -a*i - f = -4*n, -4*i - 40 = n - 3*n. What is the units digit of n?
0
Suppose -5 = 3*y - 14. Suppose -t + 10 = 2*p, 0 = -8*p + y*p + 2*t + 25. Suppose -2*c = -p*d - 16, 2*d = -5*c + 5*d + 59. What is the tens digit of c?
1
Suppose -z = -3*n - 18, 5*n + 3*z = -2*z - 10. Let q be 12/(-30) - 47/n. Suppose 7*b = 4*b + q. What is the units digit of b?
3
Let t(w) = -116*w**3 - w**2 - 13*w - 49. What is the hundreds digit of t(-3)?
1
Suppose -3*q + 3 = -0. Let d(f) = -16*f**3 - 5*f**2 - f + 1. Let p(z) = 16*z**3 + 4*z**2 + z - 1. Let a(y) = 3*d(y) + 4*p(y). What is the tens digit of a(q)?
1
Suppose -3 = c - 5, 1435 = 3*o - 4*c. Suppose 0*z + 465 = 3*z + 3*b, 3*z - o = b. What is the hundreds digit of z?
1
Let h(j) = -24*j + 604. What is the units digit of h(-34)?
0
What is the units digit of (1*12/30)/((-2)/(-745))?
9
Suppose 4*i - l - 6361 = 0, 4761 = 3*i - 6*l + 2*l. What is the thousands digit of i?
1
Suppose -n + 24 = -3*n - 3*t, -14 = -n + 5*t. What is the units digit of (n/15)/((-1)/40)?
6
Let r be 16/(-6)*-27 - 2. Suppose -z = 3*m + 41, -r = -4*z - 2*m - 194. Let b = -9 - z. What is the units digit of b?
0
Suppose 0 = 4*k + 3*t + 78, t + 2*t + 6 = 0. What is the units digit of ((-30)/7)/(k/84)?
0
Suppose 0 = 5*c - 1 + 6. Let g be 0 + c + 1/1. Suppose g = z - 2*n - 6, -z - 2*n + 28 = 2. What is the units digit of z?
6
Suppose -5*o + 3*j + 206 = 0, 5*j - 84 = 5*o - 284. What is the units digit of o?
3
Let g = -4736 + 8397. What is the units digit of g?
1
Let z(a) = -1302*a - 16. What is the tens digit of z(-1)?
8
Let g = -3398 - -5877. What is the thousands digit of g?
2
Let p(u) = -u**3 - 4*u**2 + 18*u + 12. Let o be p(-7). Let h = -11 + o. What is the tens digit of h?
2
Let x(t) = -17*t + 67. What is the tens digit of x(-16)?
3
Let q = -8 - -13. Suppose 5*l = q, 0 = -p + 5*p + 3*l - 219. What is the units digit of p?
4
Let b be (-385)/(-10) + (-1)/(-2). Let z = -21 + b. Suppose -14 = -z*i + 17*i. What is the units digit of i?
4
Suppose -3*y = -y - 998. Suppose 0 = -4*p + 3*f + y, 112 = p - 0*f - 5*f. Suppose -4*j + 5*v = 4 - p, 2*v = 2*j - 64. What is the units digit of j?
7
Suppose 5*d + 20 = 40. Suppose 5*h - 6 = -3*g + d*g, -3*h - 2*g = -1. What is the units digit of h?
1
Let f be (-4)/4 - 1 - (-4 - -1). What is the units digit of (2/4*0 + f)*1?
1
Let l = -297 - -178. Let w = 179 + l. What is the tens digit of w?
6
Suppose n - 15 = -5*f, 5*n - 5*f - 75 = -4*f. Suppose n = -3*l, s + 2*l = -2*l + 171. What is the hundreds digit of s?
1
Let v = -10 - -16. Let o = v + 6. What is the tens digit of o?
1
Let w(r) = r**3 - 14*r**2 + 2. Let o be w(14). Suppose o*z = z + 1. What is the tens digit of (z - 3)*(-13 + 0)?
2
Suppose -c = 5*b - 3*c + 71, 3*b + 47 = -c. Let o be 326/(-10) + 6/b. Let a = -10 - o. What is the units digit of a?
3
What is the tens digit of -8 + (-9)/(-3) + 299?
9
Suppose 4*d - 5 - 15 = 0. Let s be -3 + (d - -1) + -3. Suppose s = b - 4*b + 15. What is the units digit of b?
5
Let g be (0 + -179)/(-1 + 2). Let j = -250 - g. Let r = j - -99. What is the units digit of r?
8
What is the hundreds digit of ((-24)/(-10))/(138/48760)?
8
Let b = 1877 - 817. What is the tens digit of b?
6
Let c(a) = a**3 + 6*a**2 - 9*a + 8. Let t be 5/3 + 2/6. Let m be (-13)/t + 2/(-4). What is the units digit of c(m)?
2
Suppose 5*d + 2*f + 424 - 177 = 0, -4*d + f - 208 = 0. Let m = -7 - d. Suppose 26 + 22 = c + 5*w, -3*c + 5*w + m = 0. What is the units digit of c?
3
Let g be (5 - 7)*(-23)/(-2). Let n(u) = -u**3 + 4*u**2 + 6*u - 4. Let l be n(5). What is the tens digit of g*(l - (4 + -2))?
2
Let q(j) = 183*j**3 - 5*j**2 + j + 2. What is the tens digit of q(1)?
8
Let t(a) be the first derivative of a**4/4 - 3*a**3 - 3*a**2 + 18*a - 13. What is the tens digit of t(10)?
5
Suppose i = -3*i + 8. Suppose 0 = -k + 3, i*o - 5*k + 10*k - 671 = 0. What is th